. Suppose 2 = -0*s + s. Let w be f(s). Suppose w*h = 3*h + 25. Calculate the remainder when h is divided by 3.
2
Let z be (0 + 100)*(-3)/6. What is the remainder when z/3*9/(-6) is divided by 9?
7
Let c(v) = v**2 - 20*v - 32. What is the remainder when c(22) is divided by 5?
2
Let c be (-1 - 10/(-4))*2. Let n = c + -1. Let v(o) = o**3 - 2*o**2 + 3*o - 1. What is the remainder when v(n) is divided by 3?
2
Calculate the remainder when (-1)/2 + (-21)/(-2) is divided by 4.
2
Let t(f) = -f**3 + 16*f**2 - 13*f - 1. What is the remainder when t(15) is divided by 16?
13
Suppose -5*q - 3*v = -40, 2*q - 4*q + 4*v - 10 = 0. Let n(y) = -10*y + 3 - 5 - 1 + 2. What is the remainder when n(-1) is divided by q?
4
Let s be 1/(3/(8 - 2)). Let y(t) = t**2 + 0*t + 7*t - s*t - 2 - 1. What is the remainder when 32 is divided by y(-7)?
10
Let v = -9 + 39. Calculate the remainder when v is divided by 8.
6
Suppose 2*r + 3*r - 15 = 0. Let b be 5/15 + 71/r. Let j = b - 11. Calculate the remainder when 24 is divided by j.
11
Let l = 618 + -314. Suppose -j - 3*j = -l. Calculate the remainder when j is divided by 26.
24
Suppose h - i - 3 = 0, 23 = 6*h - h + 3*i. Suppose -v - 13 = -h*y, -3*v + 2 = -2*y + 1. What is the remainder when 4 is divided by (v/(-2))/((-3)/6)?
1
Let p = 8 - 6. Suppose -6 = -p*h + 78. Calculate the remainder when h is divided by 22.
20
Let p be 3 + 0*(-4)/(-16). Let k = p + 19. What is the remainder when k is divided by 13?
9
Suppose 5*i - 272 = -4*a, -5*a = -i - 506 + 195. What is the remainder when a is divided by 32?
31
Let a = 62 + -127. Let d = a + 100. Calculate the remainder when d is divided by 9.
8
What is the remainder when 8/(-3)*((-35)/2 - 5) is divided by 7?
4
Suppose 9*h - 18 = 6*h. Let s = 15 - h. Calculate the remainder when 34 is divided by s.
7
Let h(o) = o + 9. Let l be h(-6). Suppose 14 = -j - 4*m, l*j - 8*j - 3*m = 2. What is the remainder when (-42)/(-8) - (-1)/(-4) is divided by j?
1
Let t = -38 + 67. Suppose 0 = 2*a - t - 29. What is the remainder when a is divided by 10?
9
Suppose 0*k + 2*k - 222 = 0. Let m = -79 + k. What is the remainder when m is divided by 11?
10
Let w = 4 - -10. What is the remainder when 40 is divided by w?
12
Suppose -2*r = -3 + 1. Suppose -17 + r = -u. What is the remainder when 47 is divided by u?
15
Suppose -4*x + 5*q = -47, -3*q + 6*q - 68 = -5*x. What is the remainder when (2 - 0 - -34) + (-5)/(-5) is divided by x?
11
Suppose -t + 85 = 4*t. Calculate the remainder when 80 is divided by t.
12
Suppose 6*g - 10 = g. Suppose -v = -4*h - 3*v + 16, -4*v + 20 = g*h. Calculate the remainder when -4*((-10)/8 - 0) is divided by h.
1
Let t = -104 - -122. Suppose q = 16 - 6. Calculate the remainder when t is divided by q.
8
Let h(o) = o**3 + 7*o**2 - 8*o + 10. Let x = 9 - -10. Calculate the remainder when x is divided by h(-8).
9
Let c = -9 + 16. Let q = -12 + 38. What is the remainder when q is divided by c?
5
Suppose -4*o = -o. Let x be (-6*(o - -1))/1. Let d(q) = -q**3 - 4*q**2 + 5*q - 2. Calculate the remainder when d(x) is divided by 14.
12
Let f(g) = 6*g. Suppose 0*x - 4 = -2*x. Calculate the remainder when 35 is divided by f(x).
11
Suppose -4*y + 17 = -3. Suppose y*c = -v - 1, 4*v - 18 = c + 41. What is the remainder when 41 is divided by v?
13
Suppose -2*s = -4*s + 6. Let o be (-1)/((9/s)/(-63)). Suppose d + 0 - 7 = -5*z, 0 = 3*d + 4*z - o. Calculate the remainder when d is divided by 2.
1
Let b be -5 + -2*(2 - 1). Let w = 12 + b. What is the remainder when w is divided by 3?
2
Let s = 6 + 7. What is the remainder when 1/(-3)*-57*2 is divided by s?
12
Let c be (5 - 4)/(1/(-3)). Calculate the remainder when (-1)/((c/87)/1) is divided by 16.
13
Suppose 3*l = 3 + 12. Let v(f) = -f**3 + 4*f**2 + 6*f + 1. Calculate the remainder when 11 is divided by v(l).
5
Suppose 0 = s + 5*h - 40, -2*s - 2*s - 3*h = -143. Suppose 0*m + 45 = 5*m. Calculate the remainder when s is divided by m.
8
Let r(g) = -g**2 - 4*g + 13. Let a be r(-7). Calculate the remainder when 20 is divided by 15/(-60) + (-90)/a.
9
Let i be ((3 - 1)/2)/1. Suppose -q + i = -2. Suppose o = -0*o + 5, c - q*o = -2. What is the remainder when c is divided by 5?
3
Suppose -2*m + 150 = 5*b, 0 = 5*m - 4*b + 5*b - 421. Suppose -v = 4*v - m. What is the remainder when 31 is divided by v?
14
Suppose -3*l - 71 = -0*a - 4*a, -a + 21 = -4*l. Calculate the remainder when 65 is divided by a.
14
Let n(b) = -2*b**2 + b - 1. Let d be n(2). Let a = -5 - d. Suppose -82 = -4*x + a*q - 7*q, -4*q + 98 = 5*x. Calculate the remainder when 35 is divided by x.
17
Let h(p) = 2*p - 27. Let t be h(0). Let m = 26 - t. What is the remainder when m is divided by 14?
11
Suppose -5*l + 51 = -q - 3*q, -4*l + 5*q + 48 = 0. Suppose -b + 27 - l = 2*f, 3*b - 48 = -2*f. Let j = 63 - 37. Calculate the remainder when j is divided by b.
12
Let f = 28 - 24. Calculate the remainder when 13 is divided by f.
1
Suppose 0*k + 16 = 2*k. What is the remainder when 22 is divided by k?
6
Suppose 0*i = -2*i + 64. Calculate the remainder when i is divided by 18.
14
Let z(x) = -x**3 - 4*x**2 + x - 1. What is the remainder when z(-5) is divided by 4?
3
Suppose -4*f = -2*w, 6*w - w - 5 = 5*f. Calculate the remainder when (-6 - 26/(-4))*44 is divided by 9 - 1/w*2.
6
Let f(t) = 5*t - 15. What is the remainder when f(6) is divided by 8?
7
Let v be ((-28)/12)/(4/36). Suppose 0 = w + 2 + 6. Let g = w - v. Calculate the remainder when g is divided by 7.
6
Suppose -51 = -4*f - 9*i + 4*i, 2*f + 4*i - 30 = 0. Suppose -2*p + 29 - f = 0. Let a = 7 + p. What is the remainder when 32 is divided by a?
15
Let u = -6 + 32. Let h = -16 + u. What is the remainder when 17 is divided by h?
7
Let c be (-1 + 0 + 2)*-2. Let x = 8 + c. Calculate the remainder when 23 is divided by x.
5
Let w(g) = -g**3 + 9*g**2 - 6*g - 9. What is the remainder when w(8) is divided by -2 + 0 - (-15)/3?
1
Let t(s) = -5*s - 2. Let i be t(2). What is the remainder when 4/i + (-172)/(-3) is divided by 15?
12
Suppose -2*a + x - 11 = 0, 5*a + 0*x + 4*x = -8. Calculate the remainder when 43 is divided by (3 + a)*(0 - 11).
10
What is the remainder when (-136)/(-3)*(-3)/(-2) is divided by 14?
12
Let b(m) = -4*m**3 - 3*m**2 - 2*m - 3. What is the remainder when b(-3) is divided by 23?
15
Let q be 27/5 - 18/45. Suppose -n = -3 - q. What is the remainder when n is divided by 3?
2
Suppose -3*l - 4*x = -x - 123, -3*x + 77 = 2*l. What is the remainder when l is divided by 13?
7
Suppose -4*b + 67 = 5*d, d + 4*d + 140 = 5*b. What is the remainder when (1 - -1) + (-41)/(-2)*2 is divided by b?
20
Let j = 69 + -40. Calculate the remainder when 115 is divided by j.
28
Calculate the remainder when 6/2*46/2 is divided by (0 + 2 - -1)*6.
15
Let j be 1*(2 + (1 - -1)). Let u = 8 - j. What is the remainder when u is divided by 3?
1
Let s be (0 + -2)*18/4. Let w = 15 + s. Suppose -3*q + 33 = -0*q. Calculate the remainder when q is divided by w.
5
Let m be 2*(-2 - (-23)/2). Let f = m + 28. Suppose -g - g + 52 = -4*z, -4*g + 89 = -5*z. What is the remainder when f is divided by g?
15
Let t = 5 - 10. Let x = 0 - t. Suppose 28 = 5*h + x*w - 7, 13 = -h - 5*w. Calculate the remainder when 22 is divided by h.
10
Let b(v) = v**3 - 6*v**2 + 2*v - 10. Let y be (6/7)/((-1)/(-42)). Suppose x = -x + y. Calculate the remainder when b(7) is divided by x.
17
Let b = 127 + -82. Calculate the remainder when b is divided by 23.
22
What is the remainder when 61 is divided by 1*522/24 + (-3)/4?
19
Suppose -x - 5*u = 15, 4*x + 0*x - 20 = -4*u. Suppose 5*o - 5 = 5. Suppose o*m = 5*h - x, 5*h - 2*m - m = 5. What is the remainder when 11 is divided by h?
3
Suppose v = -2*v - 6. Let j(r) = -3*r**3 - r**2 - r. Calculate the remainder when j(v) is divided by ((-2)/5)/(-1 - (-133)/140).
6
Suppose 3*m = -15, -3*v = 2*v + 5*m - 185. What is the remainder when v is divided by 23?
19
Let v(l) = l**2 + 4*l + 2. Let r be v(-6). Let p = r - -11. Calculate the remainder when p is divided by 14.
11
Suppose 0 = 5*x - 25 - 35. Let h(q) = -45*q. Let r(s) = 135*s. Let b(c) = 17*h(c) + 6*r(c). Calculate the remainder when b(1) is divided by x.
9
Let n = 10 + 1. What is the remainder when 63 is divided by n?
8
Let u(s) = -s + 7. What is the remainder when u(-3) is divided by 6?
4
Calculate the remainder when 91 